-7*l + 3346. What is the tens digit of l?
7
Let f(j) = 1403*j**2 - 385*j - 7. What is the units digit of f(6)?
1
Suppose 68*r = -w + 73*r + 509, -4*r = w - 455. What is the tens digit of w?
7
Suppose 0 = 3*g - 3*k - 73305, -12*k = -13*k + 8. What is the units digit of g?
3
Let d = 49131 + -1433. What is the tens digit of d?
9
Let p = -66 + 43. Let j = 313 + p. What is the hundreds digit of j?
2
Let b = -2494 + 3445. What is the hundreds digit of b?
9
Suppose 201449 = 58*n - 150351 - 392862. What is the tens digit of n?
3
Let i = -28639 + 55564. What is the units digit of i?
5
Suppose 13*f + 9676 = 4*f + 37216. What is the tens digit of f?
6
Let n(y) = -4*y**2 + 15*y + 9. Let q(w) = 5*w**2 - 14*w - 10. Let d(i) = -3*n(i) - 2*q(i). Let f be d(9). What is the tens digit of (195/6)/(1/f)?
6
What is the ten thousands digit of 2907/2*29/((-174)/(-112))?
2
Suppose 4*s + 167 = 3*g, 0 = 4*s + 3*g - 2*g + 147. Let o = s + -7. What is the tens digit of (-5)/o + 5612/36?
5
Suppose 0 = 3*o + o + 4*l - 1216, -4*l = 5*o - 1523. What is the units digit of o?
7
Suppose -3*u + 292 = h, -3*u + 52 = 4*h - 252. What is the tens digit of (-4 - u/(-18))*(1 + 353)?
7
Suppose 0 = -4*a - 2*a - 30. Let i(w) = -w**2 - 6*w - 1. Let c be i(a). Suppose -c*u + k + 36 = -88, 2*u - 76 = 4*k. What is the units digit of u?
0
Suppose 48*r + 25*r - 2240516 = 0. What is the ten thousands digit of r?
3
Suppose 0 = 56*a - 57085 - 616134 + 21659. What is the thousands digit of a?
1
Suppose 0 = 9*k - 5*k + 4. Let d be k + 646 + 12 + -14. Suppose 5*o + 3*r = 10*o - d, 4*r = -o + 124. What is the tens digit of o?
2
Suppose 0 = 3*f - n + 6465, 0 = -3*f - 2*n - 2*n - 6480. What is the units digit of (-11 - 64)*(f/12)/7?
5
Suppose -55 = 5*i - 5*l, -2*i - 2*i - 38 = -l. Let g = 12132 - 12124. What is the tens digit of 1426/g - i/(-36)?
7
What is the tens digit of -24*(-12)/720 - 9908/(-5)?
8
Let j(a) = 6*a - 14. Let c be 10/6 - (-6)/(-9)*-2. Let r be j(c). Suppose 5*k = r*k + 164. What is the tens digit of k?
6
Suppose -4*s + 4*d = 1444, s + 2*d + 216 = -145. Let h = s - -478. What is the hundreds digit of h?
1
Let k be 3/(21 - 0) - (-291)/21. Let u(y) = 16*y**2 - 49*y - 139. Let b(s) = -3*s**2 + 10*s + 28. Let o(c) = 11*b(c) + 2*u(c). What is the units digit of o(k)?
2
Let f(x) be the third derivative of 7*x**6/60 - x**5/20 - 7*x**4/24 + 4*x**3 + 74*x**2. What is the tens digit of f(3)?
5
Let k = -44107 + 81174. What is the hundreds digit of k?
0
Suppose -n = -2*o - 18, -13*o = n - 12*o - 3. Let q(g) = 160*g + 16. What is the units digit of q(n)?
6
Suppose 3*y - 4*y - 690 = 0. Let u be (2 - (-28)/(-10))/(12/y). Suppose -7*r = -31 - u. What is the units digit of r?
1
Let a = 18 - 17. Suppose 4*v = -4*z + 28, -a = z - 4*v - 3. What is the tens digit of 1/(z - -1) - (-17460)/84?
0
Suppose -282148 - 278463 = -51*l + 95147. What is the thousands digit of l?
2
Let i = 30 + -26. Suppose 1 = 4*c + 4*r + 5, i*c + 1 = -r. What is the tens digit of 70 + c/(-5) - 1?
6
What is the hundreds digit of 2/(-21) - 20010640/(-1680)?
9
Suppose 5*n + 84 = 33*n. Suppose -s - n = 0, q - 4*s - 317 = 15. What is the hundreds digit of q?
3
Suppose 4*c = 3653 - 1077. Suppose -3*o + 1629 = i + c, 0 = -3*o - 2*i + 989. What is the units digit of o?
7
Suppose -2*k = -s + 4994, 18*k - 15*k = -9. Suppose s + 1282 = 10*t. What is the units digit of t?
7
Let p = 8633 - -1912. What is the tens digit of ((-17)/68)/(p/3516 - 3)?
9
Let z = -17907 + 28426. What is the units digit of z?
9
Suppose 4*b = 8*b - 2*u - 12408, 4*b = -2*u + 12400. What is the tens digit of b?
0
Suppose -104927 = -4*k + 19*s - 18*s, -26228 = -k - s. What is the ten thousands digit of k?
2
Let u(s) = -3*s + 142. Let o be u(33). Suppose y - 50 + o = 0. What is the units digit of y?
7
Suppose -2*c + 6*c = 40. Suppose c*q = 1460 + 590. What is the hundreds digit of q?
2
Let h be (10/45)/(2/18). Let j(s) = 3*s**2 - s**h - 7*s + 2 + 20*s. What is the units digit of j(-12)?
4
Let r = 22937 - 12905. What is the units digit of r?
2
Let h be 135/30*((-898)/(-3) - -2). Let q = -441 + h. Suppose 5*y - 5*i = q, 3*i - 346 = -3*y + y. What is the tens digit of y?
7
Let l = -313 + 323. Let s = 590 + l. What is the units digit of s?
0
Suppose 2*w + 655 = -5*l - 10802, 20 = 5*w. Let c = l + 3288. What is the hundreds digit of c?
9
Let o be 4*(-24)/(-16) - 3. Suppose -2*x + 4*k = -1238, o*x + 9*k - 1912 = 4*k. What is the tens digit of x?
2
Suppose -240 = 13*i - 61*i. Suppose 6*p = i*p - 2*w + 465, 0 = 5*p + w - 2307. What is the tens digit of p?
6
Suppose -62*x + 34471 + 367982 = 35*x. What is the hundreds digit of x?
1
Let x = 180 + -221. Let m = 162 - x. What is the units digit of m?
3
Let k be (-324)/(-7) + (-5)/((-70)/(-4)). Let q = k + 219. What is the units digit of q?
5
Suppose 6*o - o - 10 = -5*f, 2*f = -o + 6. Let w = -456 - 896. What is the tens digit of o/(-6) + w/(-12)?
1
Let c(o) be the second derivative of -o**5/20 - o**4/4 + o**3/6 + 2*o**2 - 10*o. Let y be c(-3). Let a = y - -21. What is the units digit of a?
2
Let v = -21130 - -52431. What is the ten thousands digit of v?
3
Let k(n) = -n - 11. Let t be k(-13). Suppose -d - l + 86 = 2*d, t = -2*l. Suppose c - 74 + d = 0. What is the tens digit of c?
4
Let r(a) = -a**3 - 16*a**2 - 3*a - 40. Let z be r(-16). What is the tens digit of (-2)/10 - z/(-80)*1822?
8
Suppose 0 = 5*k + b - 935 + 37, -3*k + 2*b = -531. Let y = 705 - k. What is the hundreds digit of y?
5
Let o = 25534 + -14293. What is the thousands digit of o?
1
Let l be (-3*12/63)/(4/(-28)). Suppose -181 + 712 = 5*k - g, -l*k + g + 424 = 0. Let n = k + -48. What is the units digit of n?
9
Let k = -38077 + 78431. What is the hundreds digit of k?
3
Suppose o + 11 = -3*h + 27, 2*h + 2*o - 12 = 0. Suppose 2*l - g = 6, h*g - 13 = -2*l + 17. Suppose l*j = -2*j + 707. What is the hundreds digit of j?
1
Let a(g) = 1349 + 11*g - 1318 - g**3 - 40*g - 21*g**2. What is the units digit of a(-20)?
1
Suppose 0 = -3*b, b + 23355 = -5*u + 5*b. Let h be (-12)/9*u/18. Suppose 0 = 3*p - 7*p - 16, 2*o + p - h = 0. What is the hundreds digit of o?
1
Let j be (7/(-42))/((-14)/(-252)). Let h(b) = b**3 - 8*b**2 + 8*b - 6. Let a be h(7). What is the hundreds digit of 277 - j*(a - 0)?
2
Let u = 19 - 11. Suppose 3 = -y + u. What is the units digit of ((-1 - y) + 4)*(-27 + 2)?
0
Let x(r) = -r**3 + 13*r**2 - 19*r - 21. Let g be x(11). What is the thousands digit of (-6)/7 - g*15270/(-140)?
1
Let l(b) = -b**2 + 9*b + 53. Let v be l(-4). Suppose 0 = -t - v, 29*d - 5*t = 26*d + 2588. What is the units digit of d?
1
What is the units digit of 104349/13 + (4 - (-250)/(-65))?
7
Let z be (0/(1 + 0))/(-1). Suppose -2*c + c = z. What is the units digit of (-1)/(c + (-4)/16)?
4
Let y(x) = x**3 + 10*x**2 + 6*x - 51. Suppose 4*n - 238 = -30*n. What is the hundreds digit of y(n)?
8
Suppose -5*m - 18 - 16 = 4*t, -16 = t + 5*m. What is the hundreds digit of (34/t)/(3/(-216))?
4
Suppose 10 = 4*f + 3*l, -5*f + l = -4*f + 1. What is the tens digit of 2 + 1*26/f?
2
What is the thousands digit of (4 - 11)/(2/(-9202))?
2
Let w(b) = b**3 - 12*b**2 + 43*b - 3. What is the units digit of w(8)?
5
Let l(w) be the third derivative of w**5/15 - 17*w**4/24 - 13*w**3 + 86*w**2. What is the units digit of l(-12)?
2
What is the units digit of (-4)/128*-12 - (-2 - 122778/16)?
6
Suppose 0*m + 3*m - 5 = -b, -b - 5*m - 1 = 0. Suppose -5*c - f = -26, -2*c = c - f - b. Suppose 2*n + r - c*r = 2, -5*r + 22 = n. What is the units digit of n?
7
Let t(z) be the first derivative of -z**3/3 + 12*z**2 + 2754. Let r be (-1 + -9)/(4/(-6)). What is the units digit of t(r)?
5
Let u(b) = -1309*b - 699. What is the tens digit of u(-18)?
6
Suppose -x = u - 25443, 0 = 6*x - 2*x + 12. Suppose -u = -29*g - 1144. What is the hundreds digit of g?
8
Let l be (6 + -9 + 2)/((-2)/34). Let p be (-170)/l*(-4)/(-10). What is the hundreds digit of 1*p + (-117)/(-1)?
1
Let w(t) be the third derivative of -19*t**7/5040 - t**6/180 + t**5/15 - 2*t**2. Let f(h) be the third derivative of w(h). What is the units digit of f(-2)?
4
Let q(w) be the third derivative of -13/24*w**4 + w**3 - 1/60*w**5 + 7*w**2 + 0 + 0*w. What is the units digit of q(-10)?
6
Let o(x) = -41*x - 36. Let a be o(-5). Let z = 271 - a. What is the tens digit of z?
0
What is 